{"id":5338,"date":"2024-03-21T14:38:38","date_gmt":"2024-03-21T14:38:38","guid":{"rendered":"https:\/\/estacaoindoor.com.br\/prisma\/?post_type=product&#038;p=5338"},"modified":"2024-03-22T00:36:19","modified_gmt":"2024-03-22T03:36:19","slug":"microfone-hollyland-lark-max-duo-sem-fio-2-pessoas","status":"publish","type":"product","link":"https:\/\/estacaoindoor.com.br\/prisma\/index.php\/produto\/microfone-hollyland-lark-max-duo-sem-fio-2-pessoas\/","title":{"rendered":"Microfone Hollyland Lark Max Duo Sem Fio 2 Pessoas"},"content":{"rendered":"<p>Apresentando qualidade de som aprimorada e tecnologia de microfone MaxTimbre, o sistema de microfone sem fio LARK MAX Duo preto da Hollyland pode se adaptar a qualquer aplicativo de cria\u00e7\u00e3o de conte\u00fado ou jornalismo run-and-gun gra\u00e7as \u00e0 sua ampla compatibilidade com c\u00e2meras e smartphones. Dois transmissores de encaixe com microfones omnidirecionais integrados podem gravar at\u00e9 dois assuntos e oferecer grava\u00e7\u00e3o de backup para seguran\u00e7a extra no campo. O sistema apresenta uma dist\u00e2ncia m\u00e1xima de transmiss\u00e3o na linha de visada de 820 p\u00e9s. Mantenha tudo funcionando com o estojo de carregamento inclu\u00eddo para prolongar a vida \u00fatil da bateria do sistema.<\/p>\n<p>\u00c1udio com qualidade de est\u00fadio<br \/>\nCada transmissor possui um microfone omnidirecional MaxTimbre com alta sensibilidade para capta\u00e7\u00e3o de \u00e1udio superior. O design de membrana multicamadas otimiza a grava\u00e7\u00e3o de voz enquanto elimina a resson\u00e2ncia indesejada. Uma taxa de amostragem de 48 kHz, 24 bits, rela\u00e7\u00e3o sinal-ru\u00eddo de 70 dB e um SPL m\u00e1ximo de 128 dB capturam \u00e1udio rico e claro de seu talento.<\/p>\n<p>Processamento de sinal digital, cancelamento de ru\u00eddo ambiental<br \/>\nO processamento de sinal digital aprimora seu sinal de \u00e1udio reduzindo ru\u00eddos e interfer\u00eancias indesejados. O DSP minimiza a distor\u00e7\u00e3o e o ru\u00eddo para garantir que o sinal permane\u00e7a limpo.<br \/>\nO cancelamento de ru\u00eddo avan\u00e7ado reduz o ru\u00eddo externo do seu ambiente para proporcionar um som n\u00edtido em locais barulhentos. Outras configura\u00e7\u00f5es de EQ incluem Hi-Fi, Low Cut e Vocal Boost com algoritmo de aprimoramento para aumentar a inteligibilidade do seu talento.<\/p>\n<p>Grava\u00e7\u00e3o de backup a bordo de 14 horas<br \/>\nCada transmissor grava at\u00e9 14 horas de \u00e1udio de backup gra\u00e7as aos 8 GB de armazenamento integrados. Os arquivos WAV sem perdas garantem tranquilidade em caso de falhas de grava\u00e7\u00e3o com o receptor. Ligue o modo Auto Record no receptor para ativar como prote\u00e7\u00e3o.<\/p>\n<p>Ampla compatibilidade de dispositivos<br \/>\nA sa\u00edda de 3,5 mm do receptor de canal duplo conecta-se facilmente a c\u00e2meras DSLR e mirrorless com o cabo TRS de 3,5 mm inclu\u00eddo.<br \/>\nUse a conex\u00e3o USB-C do receptor com o cabo USB-C para Lightning com certifica\u00e7\u00e3o MFi inclu\u00eddo ou o cabo USB-C para USB-C para conect\u00e1-lo a dispositivos Android e iOS. Reproduza \u00e1udio em tempo real no alto-falante do telefone enquanto o receptor estiver conectado para visualizar suas grava\u00e7\u00f5es.<br \/>\nOs padr\u00f5es UAC s\u00e3o suportados pelo sistema, permitindo que ele funcione como uma placa de som para enviar arquivos de \u00e1udio para o seu computador atrav\u00e9s de um cabo USB.<\/p>\n<p>Controles de receptor integrados intuitivos<br \/>\nO receptor LARK MAX possui uma tela sens\u00edvel ao toque AMOLED colorida de 1,1&#8243; para ajustar as configura\u00e7\u00f5es de cada transmissor e monitorar coisas como energia, sinal, n\u00edvel de \u00e1udio e status da conex\u00e3o em tempo real. Um bot\u00e3o de controle r\u00e1pido gira 360\u00b0 e pressiona para selecionar par\u00e2metros diferentes enquanto o home bot\u00e3o oferece acesso \u00e0 interface de configura\u00e7\u00f5es r\u00e1pidas ou retorna \u00e0 p\u00e1gina anterior.<\/p>\n<p>Bateria de longa dura\u00e7\u00e3o<br \/>\nInclu\u00eddo com o sistema est\u00e1 um estojo de carregamento compacto capaz de estender o tempo de execu\u00e7\u00e3o de cada componente para um total de 22 horas quando totalmente carregado. Cada transmissor sozinho tem um tempo de execu\u00e7\u00e3o de 7,5 horas, enquanto o receptor tem um tempo de execu\u00e7\u00e3o de 9 horas e pode ser carregado e operado simultaneamente. Os indicadores LED no gabinete permitem que voc\u00ea monitore o status da bateria.<\/p>\n<p>Itens Inclusos:<br \/>\n2 Transmissores;<br \/>\n1 Receptor;<br \/>\n1 Estojo de Carregamento;<br \/>\n1 Cabo USB-C para USB-A;<br \/>\n1 Cabo TRS de 3,5 mm;<br \/>\n1 Cabo USB-C para USB-C;<br \/>\n1 Cabo USB-C para Lightning;<br \/>\n2 \u00cdm\u00e3 de clipe;<br \/>\n2 P\u00e1ra-brisa peludo;<br \/>\n1 Saco de armazenamento (Case)<\/p>\n<p>PRODUTO ORIGINAL E LACRADO!<\/p>\n<p>Garantia do vendedor: 3 meses<\/p>\n","protected":false},"excerpt":{"rendered":"<p>Apresentando qualidade de som aprimorada e tecnologia de microfone MaxTimbre, o sistema de microfone sem fio LARK MAX Duo preto da Hollyland pode se adaptar a qualquer aplicativo de cria\u00e7\u00e3o de conte\u00fado ou jornalismo run-and-gun gra\u00e7as \u00e0 sua ampla compatibilidade com c\u00e2meras e smartphones. Dois transmissores de encaixe com microfones omnidirecionais integrados podem gravar at\u00e9 [&hellip;]<\/p>\n","protected":false},"featured_media":5704,"comment_status":"open","ping_status":"closed","template":"","meta":[],"product_cat":[28],"product_tag":[],"class_list":{"0":"post-5338","1":"product","2":"type-product","3":"status-publish","4":"has-post-thumbnail","6":"product_cat-microfones","8":"first","9":"instock","10":"shipping-taxable","11":"purchasable","12":"product-type-simple"},"jetpack_sharing_enabled":true,"_links":{"self":[{"href":"https:\/\/estacaoindoor.com.br\/prisma\/index.php\/wp-json\/wp\/v2\/product\/5338","targetHints":{"allow":["GET"]}}],"collection":[{"href":"https:\/\/estacaoindoor.com.br\/prisma\/index.php\/wp-json\/wp\/v2\/product"}],"about":[{"href":"https:\/\/estacaoindoor.com.br\/prisma\/index.php\/wp-json\/wp\/v2\/types\/product"}],"replies":[{"embeddable":true,"href":"https:\/\/estacaoindoor.com.br\/prisma\/index.php\/wp-json\/wp\/v2\/comments?post=5338"}],"version-history":[{"count":1,"href":"https:\/\/estacaoindoor.com.br\/prisma\/index.php\/wp-json\/wp\/v2\/product\/5338\/revisions"}],"predecessor-version":[{"id":5707,"href":"https:\/\/estacaoindoor.com.br\/prisma\/index.php\/wp-json\/wp\/v2\/product\/5338\/revisions\/5707"}],"wp:featuredmedia":[{"embeddable":true,"href":"https:\/\/estacaoindoor.com.br\/prisma\/index.php\/wp-json\/wp\/v2\/media\/5704"}],"wp:attachment":[{"href":"https:\/\/estacaoindoor.com.br\/prisma\/index.php\/wp-json\/wp\/v2\/media?parent=5338"}],"wp:term":[{"taxonomy":"product_cat","embeddable":true,"href":"https:\/\/estacaoindoor.com.br\/prisma\/index.php\/wp-json\/wp\/v2\/product_cat?post=5338"},{"taxonomy":"product_tag","embeddable":true,"href":"https:\/\/estacaoindoor.com.br\/prisma\/index.php\/wp-json\/wp\/v2\/product_tag?post=5338"}],"curies":[{"name":"wp","href":"https:\/\/api.w.org\/{rel}","templated":true}]}}